t is the hundreds digit of 2859291?
2
What is the units digit of 5378779402?
2
What is the ten thousands digit of 896522646?
2
What is the ten millions digit of 650707120?
5
What is the hundreds digit of 303404179?
1
What is the millions digit of 1342270530?
2
What is the ten thousands digit of 368886113?
8
What is the millions digit of 3743478?
3
What is the ten thousands digit of 23083414?
8
What is the millions digit of 149262616?
9
What is the tens digit of 981103011?
1
What is the thousands digit of 111105061?
5
What is the units digit of 1447125544?
4
What is the hundreds digit of 1624837551?
5
What is the units digit of 6559337602?
2
What is the billions digit of 1502094571?
1
What is the tens digit of 222213098?
9
What is the hundred thousands digit of 46923140?
9
What is the hundred millions digit of 7553361938?
5
What is the hundreds digit of 56136220?
2
What is the ten millions digit of 37426327?
3
What is the ten thousands digit of 221086905?
8
What is the ten millions digit of 505612002?
0
What is the millions digit of 2795006264?
5
What is the thousands digit of 89206318?
6
What is the hundred millions digit of 1274959350?
2
What is the thousands digit of 52870244?
0
What is the units digit of 11801800?
0
What is the hundreds digit of 92211121?
1
What is the hundreds digit of 78057880?
8
What is the hundreds digit of 635733377?
3
What is the thousands digit of 203799116?
9
What is the thousands digit of 42568052?
8
What is the hundred thousands digit of 10364951?
3
What is the millions digit of 10102173?
0
What is the hundred millions digit of 242951609?
2
What is the units digit of 21938761?
1
What is the ten millions digit of 1127327040?
2
What is the hundred millions digit of 1490073688?
4
What is the thousands digit of 8617223268?
3
What is the hundred thousands digit of 117052063?
0
What is the millions digit of 4029861068?
9
What is the hundred thousands digit of 542437226?
4
What is the units digit of 2109458?
8
What is the hundreds digit of 55386164?
1
What is the units digit of 39490118?
8
What is the units digit of 2863580599?
9
What is the hundreds digit of 55842133?
1
What is the ten millions digit of 16310242?
1
What is the thousands digit of 2850240?
0
What is the units digit of 169507365?
5
What is the ten millions digit of 677367927?
7
What is the ten millions digit of 512834552?
1
What is the hundred millions digit of 2960300629?
9
What is the thousands digit of 147017750?
7
What is the tens digit of 308810062?
6
What is the thousands digit of 2211086975?
6
What is the hundred millions digit of 565069359?
5
What is the tens digit of 2621487388?
8
What is the millions digit of 156365575?
6
What is the hundred thousands digit of 134015479?
0
What is the tens digit of 13020544?
4
What is the hundred thousands digit of 78170381?
1
What is the hundred thousands digit of 86671529?
6
What is the ten millions digit of 43614265?
4
What is the units digit of 24717757?
7
What is the tens digit of 49097474?
7
What is the hundred thousands digit of 892529129?
5
What is the ten millions digit of 125178726?
2
What is the millions digit of 202494418?
2
What is the hundreds digit of 666251840?
8
What is the ten thousands digit of 82716246?
1
What is the ten thousands digit of 102527584?
2
What is the tens digit of 10682014?
1
What is the ten thousands digit of 13013587?
1
What is the millions digit of 262152966?
2
What is the tens digit of 512825547?
4
What is the tens digit of 927866491?
9
What is the thousands digit of 217838646?
8
What is the hundred millions digit of 151184953?
1
What is the ten thousands digit of 12424188?
2
What is the units digit of 184283621?
1
What is the tens digit of 1307089186?
8
What is the millions digit of 930838040?
0
What is the units digit of 7205790316?
6
What is the hundreds digit of 6993047?
0
What is the tens digit of 208987038?
3
What is the hundred thousands digit of 784670113?
6
What is the tens digit of 19004734?
3
What is the hundreds digit of 210044440?
4
What is the tens digit of 23463309?
0
What is the hundred millions digit of 2141516800?
1
What is the tens digit of 4778790431?
3
What is the millions digit of 153441974?
3
What is the millions digit of 1136301742?
6
What is the units digit of 68984608?
8
What is the hundreds digit of 1964503517?
5
What is the units digit of 93990924?
4
What is the thousands digit of 49628944?
8
What is the millions digit of 1939609113?
9
What is the hundred millions digit of 143468753?
1
What is the ten millions digit of 336949899?
3
What is the units digit of 22650070?
0
What is the units digit of 5377073061?
1
What is the thousands digit of 81213817?
3
What is the thousands digit of 534016082?
6
What is the millions digit of 167192464?
7
What is the tens digit of 2105924378?
7
What is the hundred thousands digit of 57846923?
8
What is the ten millions digit of 141901679?
4
What is the units digit of 20541197?
7
What is the hundreds digit of 353551990?
9
What is the hundreds digit of 1456230868?
8
What is the millions digit of 395098972?
5
What is the tens digit of 2527962?
6
What is the millions digit of 84652091?
4
What is the hundreds digit of 1659646257?
2
What is the hundred thousands digit of 34091742?
0
What is the tens digit of 3249115623?
2
What is the ten millions digit of 14051480?
1
What is the ten millions digit of 24822021?
2
What is the tens digit of 489478874?
7
What is the hundred thousands digit of 291164776?
1
What is the ten thousands digit of 198861639?
6
What is the hundreds digit of 857014971?
9
What is the thousands digit of 338109388?
9
What is the hundred millions digit of 884647510?
8
What is the tens digit of 5087200?
0
What is the ten thousands digit of 41120684?
2
What is the thousands digit of 32524358?
4
What is the hundred thousands digit of 1328953436?
9
What is the units digit of 268690?
0
What is the hundreds digit of 4184368?
3
What is the hundred thousands digit of 6341974?
3
What is the ten millions digit of 102782837?
0
What is the ten thousands digit of 50981234?
8
What is the billions digit of 2278076425?
2
What is the thousands digit of 471280215?
0
What is the hundreds digit of 32853279?
2
What is the thousands digit of 44742994?
2
What is the ten thousands digit of 16900780?
0
What is the hundred thousands digit of 396608139?
6
What is the tens digit of 155584287?
8
What is the tens digit of 178149414?
1
What is the ten thousands digit of 215665011?
6
What is the ten thousands digit of 162204021?
0
What is the millions digit of 12718363?
2
What is the millions digit of 324550761?
4
What is the tens digit of 910027652?
5
What is the ten millions digit of 62865269?
6
What is the hundred thousands digit of 171031922?
0
What is the thousands digit of 623395131?
5
What is the millions digit of 267841532?
7
What is the hundred thousands digit of 957268628?
2
What is the hundreds digit of 15407043?
0
What is the ten millions digit of 118845000?
1
What is the tens digit of 474693589?
8
What is the tens digit of 96812833?
3
What is the hundred thousands digit of 131651700?
6
What is the tens digit of 6051687?
8
What is the billions digit of 3199325408?
3
What is the hundred thousands digit of 1115811765?
8
What is the ten millions digit of 28691701?
2
What is the hundred thousands digit of 2423679668?
6
What is the hundreds digit of 14545334?
3
What is the tens digit of 192131255?
5
What is the hundreds digit of 360582699?
6
What is the tens digit of 2133034879?
7
What is the thousands digit of 6308781?
8
What is the tens digit of 3576305211?
1
What is the hundred thousands digit of 4129401412?
4
What is the units digit of 1255865863?
3
What is the millions digit of 363261523?
3
What is the millions digit of 267640999?
7
What is the ten thousands digit of 526204335?
0
What is the ten thousands digit of 125118591?
1
What is the thousands digit of 6381202218?
2
What is the ten millions digit of 12248665?
1
What is the millions digit of 1785355972?
5
What is the hundreds digit of 155657946?
9
What is the hundreds digit of 83632166?
1
What is the hundred thousands digit of 32307357?
3
What is the hundreds digit of 406208495?
4
What is the millions digit of 1051644008?
1
What is the thousands digit of 106849661?
9